0
Let a(r) = r**2 - 9*r + 23. Let n be a(5). Suppose 0 = -5*h, 3*h + 346 + 2 = n*p. What is the highest common divisor of 29 and p?
29
Let q = -67 + 326. What is the greatest common factor of q and 74?
37
Let h = 86 - 31. Calculate the greatest common factor of 22 and h.
11
Suppose 2*h + 5*w - 220 = 0, -2*w - 22 + 14 = 0. Suppose 2*q - 48 = -3*v + q, 3*v = 4*q + 33. Calculate the greatest common factor of v and h.
15
Let h be -4 + (-7)/((-7)/13). Let g(n) = -n**2 + 24*n - 5. Let a be g(h). Calculate the greatest common divisor of a and 26.
26
Suppose 6*c + 2*n - 104 = 2*c, -5*n + 10 = 0. Suppose 23*v = c*v - 126. Calculate the greatest common divisor of v and 7.
7
Let r(t) = 43*t - 35. Let m be r(1). What is the greatest common factor of 12 and m?
4
Let y = 74 + 147. Calculate the greatest common factor of 34 and y.
17
Let m(z) = 5*z + 14. Let v be m(5). Calculate the greatest common divisor of v and 21.
3
Suppose o = 4*o - 57. Let z be 2 - 3 - 2*(-8)/4. Suppose -z*s + 8*d + 619 = 10*d, -d = 4. What is the greatest common factor of s and o?
19
Suppose -4176 = -4*s - 3*f, -5*s + 3*s + 5*f + 2088 = 0. What is the greatest common divisor of 116 and s?
116
Let h be 38 - (1 + 1)/2. Suppose 0 = 2*w - h - 117. Let l(x) = x**3 + 27*x**2 - 57*x + 40. Let p be l(-29). Calculate the greatest common divisor of w and p.
11
Suppose -2658 - 3394 = -89*s. Calculate the greatest common factor of s and 36.
4
Let d(c) = -c**3 + 2*c**2 + 9*c + 37. Let h be d(5). What is the greatest common divisor of h and 224?
7
Let c be 4 + 10/(-6)*(16 - 13). Let i be (-8 - (4 - 12)) + (-11)/c. What is the greatest common divisor of 1 and i?
1
Suppose -21*i = -67*i + 3680. Let u(v) = 2*v**3 - 4*v**2 - 2*v + 4. Let s be u(3). Calculate the greatest common factor of i and s.
16
Suppose 3*i + f = 291, i = 5*f + 18 + 95. Suppose -2*g + 2*q = -66, -141 = -5*g - 3*q - 16. Calculate the greatest common divisor of g and i.
14
Let l = -183 - -287. Calculate the greatest common divisor of 26 and l.
26
Let v = 146 - 89. What is the highest common divisor of 76 and v?
19
Suppose 118*d - 3*g = 115*d + 336, -d + 2*g = -116. What is the greatest common factor of d and 384?
12
Let c be 1/(12/10) - (-2573)/498. Calculate the highest common divisor of c and 46.
2
Let n(j) = -2*j**3 - 10*j**2 + 12*j + 54. Let v be n(-6). What is the highest common factor of v and 378?
54
Let q(f) = 5*f**2 - 14*f + 22. Let g be q(2). What is the greatest common factor of g and 6?
2
Suppose -3*i - 8 = -i. Let o be (-1355)/(-15) - i/6. Suppose 0 = 2*m + m - 39. Calculate the highest common divisor of o and m.
13
Let l be (6 - (6 - 2)) + (-2)/1. Suppose f + 1 = l, 19 = -4*j + 5*j - 5*f. Calculate the greatest common factor of 2 and j.
2
Let p(j) = -13 - 2 + 6 - 11 - 10*j. Let t be p(-17). Calculate the greatest common factor of 30 and t.
30
Let c be (-1*6 - 2) + -2. Let w = -1 - c. Let o = w + -6. Calculate the highest common factor of o and 3.
3
Suppose 5*t - 3*w - 23 = -0*w, w - 15 = -4*t. Suppose t*s = 5*s + 15. Let h = s + 114. Calculate the highest common factor of 9 and h.
9
Let l = -24 - -36. Let n be ((-8)/l)/((-6)/9). Let f = 12 - n. What is the greatest common factor of 121 and f?
11
Let y(j) = j**3 - 14*j**2 + 4*j - 17. Let w be y(14). Calculate the greatest common divisor of 2535 and w.
39
Let s = 31 - 5. Let j = 486 - 200. What is the highest common divisor of j and s?
26
Let y = 23 + -19. Suppose -6*l + 25 = -l. Suppose -2*c - y*u = -16, 0*c - l*u = c - 17. What is the highest common factor of c and 1?
1
Let n = 534 + -235. What is the highest common divisor of 39 and n?
13
Let d be -7*(4 - (-5)/1). Let a = -24 - d. What is the greatest common factor of 39 and a?
39
Let p(n) = n**3 + 8*n**2 - 12*n - 22. Let x be p(-9). Suppose 5*i - x*k - 103 = -9*k, 5*i - k = 118. What is the highest common divisor of i and 253?
23
Let u(i) = 3*i + 26. Let p(w) = w. Let q(g) = 6*p(g) - u(g). Let x be q(15). Calculate the highest common factor of 95 and x.
19
Let l be 68/(9/4 + -2). Suppose 0 = -5*n + l - 82. Suppose n + 107 = 5*h. Calculate the greatest common factor of h and 29.
29
Suppose 6*j - 135 = 363. Suppose -5*w - 33 = -2*k - j, k = -w + 17. Let d be (3 - (0 - -1))*18. What is the greatest common divisor of w and d?
12
Let l be 140 + -2 + (-6)/(-3). Let i(u) = 2*u + 14. Let w be i(3). What is the highest common divisor of w and l?
20
Suppose -4*m = -6*m + 86. Let j = m - 27. Suppose 0*v = -3*a - 5*v + 110, -3*a - 3*v = -114. What is the greatest common divisor of j and a?
8
Let u = 60 - 41. Suppose -2*g = -1 - u. Calculate the highest common factor of g and 25.
5
Let b be (-8)/4 + 2 + 4. Suppose -5*m - 22 + 0 = -j, -b*j = 4*m + 8. Let v(o) = 3*o**2 + 3. Let c be v(m). What is the greatest common divisor of c and 34?
17
Let m be 2022/15 - 3/(-15). What is the highest common factor of m and 30?
15
Suppose -3*t - 3*k = 0, 0 = -7*t + 3*t + 5*k + 18. Let l be 0 + (-16)/(-3) + (-7)/21. What is the greatest common factor of t and l?
1
Let s = 1315 - 583. What is the highest common divisor of s and 12?
12
Let m(b) = 85*b + 7. Let y be m(5). Calculate the greatest common factor of 48 and y.
48
Let s = -4 + 7. Let n(g) = 14*g**2 - 2*g - 1. Let q be n(-1). Suppose q = o + 5*w, -o - s*o = -5*w - 135. Calculate the greatest common divisor of o and 150.
30
Suppose 0 = 3*m - 110 - 106. Calculate the highest common factor of m and 192.
24
Let h(q) = 12*q + 60. Let k be h(7). What is the greatest common divisor of k and 18?
18
Suppose 0 = -5*x + q + 34, -6*q + 7*q - 1 = 0. Let j(t) = t**3 - 5*t**2 - t + 9. Let y be j(x). Calculate the highest common factor of 40 and y.
20
Let s(i) = 6*i - 15 - i**2 + i + 17 - i. Let j be s(6). Let o = j + 12. Calculate the highest common divisor of o and 28.
14
Suppose 2*o + 41 - 47 = 0. Suppose -27 - o = -3*v. What is the greatest common factor of v and 10?
10
Let j be 3/7 - 306/(-21). Let x(d) = 229*d**2 + 3*d - 2. Let a be x(1). Let f = -125 + a. What is the greatest common factor of j and f?
15
Suppose -6*u + u = -440. Let s be (-16748)/(-2120) - (-1)/10. What is the greatest common factor of s and u?
8
Suppose -s = -3*s - v + 154, 5*v = 0. Calculate the greatest common factor of s and 539.
77
Let x be (-1712)/(-56) - 12/21. Calculate the greatest common factor of x and 96.
6
Let a(n) = -5*n**3 - 5*n**2 - 4*n - 3. Let m be a(-5). Suppose -166 + m = -3*k. Let g = -33 - k. What is the highest common divisor of g and 12?
12
Let q = -14 + 14. Suppose -f + 150 = -q*f. What is the greatest common divisor of f and 60?
30
Let h = 653 - 449. Calculate the greatest common factor of 17 and h.
17
Let c(g) be the second derivative of 0*g**3 + 1/2*g**2 + 4*g + 47/12*g**4 + 0. Let r be c(2). Calculate the highest common divisor of 27 and r.
27
Let p be 54/(-21)*(-112)/48. Calculate the highest common divisor of p and 42.
6
Let y = 111 + -102. Suppose 1 - 24 = -m + 2*x, -2*m + 5*x = -44. What is the highest common divisor of m and y?
9
Suppose -2*i + 47 = o + i, 0 = -5*o + 2*i + 184. What is the greatest common factor of 247 and o?
19
Let d be 590/22 + 4/22 + -2. Suppose 4*s - 105 = -d. What is the highest common factor of s and 8?
4
Suppose -636*n + 640*n = 204. What is the greatest common factor of 102 and n?
51
Let g be (-1)/(-1)*(0 - -7). Suppose -13*j = 2*j - 15. Calculate the highest common divisor of g and j.
1
Let n be 1 - -29 - (-36)/(-1 - -10). Calculate the greatest common factor of 102 and n.
34
Suppose 0 = 3*r + 96 - 324. Suppose r = -3*k + 208. Let d = -19 + k. Calculate the highest common factor of 10 and d.
5
Suppose 32 = -23*n + 377. What is the greatest common divisor of n and 3?
3
Let o(b) = 6*b + 38. Let l be o(-6). Suppose -4*j = 4*t - 224, -111 = -4*j + l*j - 3*t. What is the greatest common factor of 19 and j?
19
Let c = 59 + 8. What is the highest common factor of 737 and c?
67
Let b(w) = 8*w**2 - 4 - 6*w**2 - 1 - 12*w + w**3 + 9*w**2. Let k be b(-12). Let o be (0 - k)/(2/4). What is the greatest common divisor of o and 2?
2
Suppose 0 = -3*g + 538 + 593. What is the highest common factor of g and 13?
13
Let x(s) = -s**3 + 12*s**2 - 17*s - 28. Let j be x(8). Calculate the greatest common divisor of j and 506.
46
Let t = 263 + -119. Let z(r) = -r**3 - 7*r**2 - 7*r + 10. Let j be 